2. Give f(5).
32
Let d(j) = 77*j**2 - 157*j + 7. Give d(2).
1
Let a(u) = -149*u - 8195. Determine a(-55).
0
Let r(c) = -3*c**2 - 187*c - 2897. Determine r(-34).
-7
Let l(y) = -y**2 + 27*y - 213. Give l(7).
-73
Let h(z) = 2*z**2 - 9*z - 241. Determine h(18).
245
Let x(v) = -12*v**2 - 116*v - 157. Determine x(-2).
27
Let u(c) = 3*c**2 - 41*c + 2. Determine u(19).
306
Let f(w) = -2*w**3 + 54*w**2 + w - 25. Give f(27).
2
Let u(c) = -5*c**3 + 279*c**2 + 50*c - 117. Calculate u(56).
-453
Let k(w) = 10*w**2 + 102*w + 24. Calculate k(-10).
4
Let r(n) = 6291*n - 37749. What is r(6)?
-3
Let c(p) = 44*p + 2066. What is c(-54)?
-310
Let s(f) = 4*f**3 + 4*f**2 - 3*f - 2. Give s(-2).
-12
Let o(t) = 11*t**2 - 99*t - 10. What is o(9)?
-10
Let g(n) = -n**2 - 67*n + 430. Calculate g(6).
-8
Let k(v) = -v**3 - 11*v - 5. Determine k(0).
-5
Let i(u) = 7*u + 203. Calculate i(10).
273
Let y(u) = -1500*u - 52479. What is y(-35)?
21
Let y(x) = 2049*x + 63519. What is y(-31)?
0
Let i(a) = -a**3 + 49*a**2 - 407*a + 17233. Determine i(48).
1
Let a(j) = -574*j + 4016. What is a(7)?
-2
Let n(p) = -32*p + 55. Determine n(8).
-201
Let r(a) = -12*a + 482. Calculate r(40).
2
Let a(h) = -h**3 + 57*h**2 - 96*h - 762. What is a(55)?
8
Let f(s) = 26*s - 146. Calculate f(8).
62
Let x(k) = -4*k**3 + 50*k**2 + 26*k + 806. Calculate x(14).
-6
Let c(t) = -3*t**2 + 182*t + 319. Calculate c(60).
439
Let p(j) = -j - 253. Calculate p(-23).
-230
Let s(c) = c**2 - 764*c + 11975. What is s(16)?
7
Let r(b) = -b**3 - 16*b**2 + 2*b - 1. What is r(-16)?
-33
Let v(f) = -f**3 + 16*f**2 + 10*f + 59. Give v(17).
-60
Let t(y) = -11*y**3 - 15*y**2 + 20*y + 29. Determine t(3).
-343
Let i(j) = -3*j**2 + 3*j - 1. Give i(1).
-1
Let y(v) = v + 23. Calculate y(-20).
3
Let o(j) = -22*j**2 + 3*j + 8. Give o(-2).
-86
Let b(q) = 308*q + 4619. Determine b(-15).
-1
Let y(s) = s**3 + 5*s**2 - 9*s + 32. Give y(-7).
-3
Let w(o) = -14656*o + 205176. Give w(14).
-8
Let o(q) = 5*q**2 - 15*q - 103. What is o(6)?
-13
Let n(p) = -p**3 - 12*p**2 - 44*p - 29. What is n(-8)?
67
Let v(t) = -3*t**2 + 74*t - 209. Calculate v(21).
22
Let u(t) = -t**3 + 22*t**2 - 32*t - 132. What is u(20)?
28
Let x(s) = 13*s**2 - 209*s - 199. Give x(17).
5
Let i(m) = -7*m + 73. Determine i(9).
10
Let a(q) = -q**3 + 64*q**2 - 21*q + 1349. Calculate a(64).
5
Let z(i) = i**3 - 62*i**2 + 177*i - 30. What is z(59)?
-30
Let v(n) = -n**2 + 28*n - 29. What is v(27)?
-2
Let g(a) = -716*a - 19319. What is g(-27)?
13
Let g(l) = 2*l**3 + 6*l**2 + 74*l + 135. What is g(-2)?
-5
Let v(x) = -123*x - 5. Calculate v(3).
-374
Let c(a) = 414*a + 2071. What is c(-5)?
1
Let c(t) = t**3 + 146*t**2 - 236*t + 8889. Calculate c(-148).
9
Let m(t) = -463*t - 10650. Give m(-23).
-1
Let u(z) = 78*z**2 - 8891*z - 99. Determine u(114).
15
Let s(r) = -297*r + 2673. What is s(9)?
0
Let i(w) = 42*w**2 + 5*w - 4. Give i(-2).
154
Let v(r) = 28*r**2 + 43*r - 23. Calculate v(-2).
3
Let a(z) = 5*z**2 + 51*z - 109. Determine a(-12).
-1
Let m(r) = 68*r - 30. Determine m(-2).
-166
Let l(q) = q**3 - 127*q**2 + 310*q - 7501. Give l(125).
-1
Let a(d) = -d**2 - 128*d - 24. Give a(0).
-24
Let d(k) = -3*k + 388. Determine d(33).
289
Let n(h) = -222*h**2 - 20*h - 24. Give n(-1).
-226
Let u(g) = 4*g**3 - 81*g**2 + 12*g - 16. What is u(20)?
-176
Let j(t) = 9*t**2 + 485*t - 108. Give j(-54).
-54
Let d(h) = -h - 84. What is d(-101)?
17
Let a(t) = 186*t + 1509. Calculate a(-8).
21
Let x(s) = -1435*s + 140627. What is x(98)?
-3
Let l(b) = 698*b - 6322. Give l(9).
-40
Let y(n) = -n**2 - 6*n + 145. What is y(-18)?
-71
Let u(g) = g**3 - 24*g**2 - 5*g + 128. Determine u(24).
8
Let n(f) = -2*f**3 + 18*f**2 + 57*f + 5. Calculate n(-3).
50
Let z(r) = -r**2 + 64*r + 63. Give z(-1).
-2
Let x(o) = -4*o + 163. Determine x(15).
103
Let n(b) = -20*b - 985. What is n(-49)?
-5
Let u(r) = -r**3 - 29*r**2 - 126*r - 110. What is u(-4)?
-6
Let i(w) = 321*w + 6727. What is i(-21)?
-14
Let t(x) = 82*x - 1070. Determine t(12).
-86
Let v(p) = -555*p - 11668. What is v(-21)?
-13
Let z(v) = 25*v - 312. Determine z(14).
38
Let j(q) = q**2 - 36*q - 354. Calculate j(43).
-53
Let v(u) = u**3 + 42*u**2 - 281*u - 12. Determine v(6).
30
Let q(c) = 2*c**2 - 88*c + 393. Determine q(39).
3
Let f(n) = 194*n - 1391. Determine f(6).
-227
Let m(j) = -936*j + 17672. Calculate m(19).
-112
Let s(i) = 12*i - 955. Determine s(77).
-31
Let o(t) = t**3 + 34*t**2 + 98*t + 109. Give o(-31).
-46
Let o(j) = 181*j - 11777. Calculate o(65).
-12
Let l(w) = w**2 + 422*w - 7467. What is l(17)?
-4
Let m(t) = -4*t**3 - 44*t**2 - 24*t + 155. Calculate m(-10).
-5
Let x(w) = 2*w**3 + 95*w**2 + 43*w - 144. Determine x(-47).
44
Let b(l) = 2*l**3 - 8*l**2 + 34*l - 27. Determine b(2).
25
Let a(k) = 7*k - 1. Give a(-1).
-8
Let j(a) = -7*a**3 + 3*a**2 + 8*a + 4. Determine j(-1).
6
Let o(z) = 9*z - 60. Determine o(11).
39
Let l(q) = 159*q**3 + 7*q**2 + 5*q - 4. Calculate l(1).
167
Let x(s) = s**2 - 47*s + 371. Give x(32).
-109
Let a(y) = -2*y**3 - 16*y**2 - 15*y + 2. What is a(-6)?
-52
Let u(b) = -b**3 + 70*b**2 + 150*b - 377. Give u(72).
55
Let r(v) = -v**3 - 19*v**2 + 66*v - 11. Determine r(-22).
-11
Let u(w) = w**3 + 192*w**2 - 2886*w - 402. Calculate u(-206).
10
Let x(j) = -16*j + 354. Give x(24).
-30
Let w(h) = 7*h + 65. Calculate w(-17).
-54
Let r(j) = 3*j**2 + 330*j - 2846. Calculate r(-118).
-14
Let s(p) = -133*p**2 - 2403*p - 176. Give s(-18).
-14
Let w(a) = -2*a - 48. Give w(-3).
-42
Let k(f) = 478*f - 30121. What is k(63)?
-7
Let c(f) = 3104*f + 105530. Determine c(-34).
-6
Let w(l) = l**3 - 263*l**2 - l + 271. Determine w(263).
8
Let v(m) = -2*m**3 + 28*m**2 - 19*m + 84. Determine v(14).
-182
Let j(k) = -1905*k + 17154. Determine j(9).
9
Let n(p) = -338*p - 60158. What is n(-178)?
6
Let f(t) = -295*t - 1780. Calculate f(-6).
-10
Let u(q) = 3*q**2 + 196*q + 2723. Give u(-20).
3
Let h(m) = 5*m + 236. Give h(-45).
11
Let c(b) = -2*b**3 - 33*b**2 + 10*b + 210. Determine c(-17).
329
Let a(d) = 2*d**2 + 426*d + 18354. Give a(-153).
-6
Let h(r) = 9976*r - 169596. What is h(17)?
-4
Let t(n) = -21*n**2 - 569*n + 532. Give t(-28).
0
Let o(d) = -2*d**3 - 16*d**2 + 13*d + 52. What is o(-9)?
97
Let j(z) = 25*z + 32. Determine j(-13).
-293
Let p(w) = -w**3 + 19*w**2 + 20*w - 3. Calculate p(20).
-3
Let c(t) = -5*t**3 + 56*t**2 + 14*t - 11. Determine c(12).
-419
Let a(t) = t**3 - 29*t**2 - 58*t - 45. Calculate a(31).
79
Let g(w) = -w**3 - 145*w**2 + w + 133. Give g(-145).
-12
Let t(y) = 3*y**2 + 49*y - 9485. Determine t(-65).
5
Let w(y) = 1515*y + 3040. Determine w(-2).
10
Let v(u) = u**3 - 3*u**2 - 8*u - 3. What is v(6)?
57
Let v(l) = -43*l + 472. Determine v(9).
85
Let l(h) = 280*h - 4095. Determine l(14).
-175
Let q(k) = -k**2 + 52*k - 653. Determine q(31).
-2
Let r(v) = -11*v**2 + 40*v - 42. Give r(1).
-13
Let s(y) = -3*y**3 + 44*y**2 + 11*y + 51. Determine s(15).
-9
Let w(c) = 12*c**2 + 4711*c + 7429. Determine w(-391).
0
Let s(o) = 5*o**2 - 132*o - 762. Give s(-5).
23
Let k(h) = -189*h - 1336. What is k(-7)?
-13
Let g(n) = 15*n + 255. Determine g(-17).
0
Let f(t) = -55*t + 393. What is f(7)?
8
Let o(c) = c**3 + 18*c**2 - 25*c - 726. What is o(-17)?
-12
Let m(t) = -2611*t - 2617. Determine m(-1).
-6
Let d(o) = 18*o**2 - 320*o - 40. What is d(19)?
378
Let v(z) = -111*z + 276. What is v(1)?
165
Let x(b) = 4*b**2 + 60*b - 117. Determine x(-9).
-333
Let p(f) = 3*f**2 - 10*f + 12. Calculate p(6).
60
Let p(w) = 35*w + 1394. What is p(-40)?
-6
Let f(w) = -30*w - 591. Determine f(-22).
69
Let a(k) = 31*k + 6. What is a(-1)?
-25
Let n(a) = -a**3 + 54*a**2 + 60*a + 66. Determine n(55).
341
Let r(q) = -q**3 + 8*q**2 - 36*q + 60. Determine r(4).
-20
Let g(t) = 4*t**3 - t**2 + t - 10. What is g(3)?
92
Let b(x) = -126*x - 726. What is b(-6)?
30
Let n(b) = -2*b**2 - 11*b - 13. What is n(15)?
-628
Let p(q) = 8*q - 53. Calculate p(11).
35
Let p(u) = -40*u + 360. What is p(7)?
80
Let i(m) = -m**3 - 15*m**2 - 36*m - 11. Determine i(-3).
-11
Let a(s) = s**2 + 17*s - 3464. Determine a(51).
4
Let u(f) = f**3 - 6*f**2 - 2*f + 19. Determine u(5).
-16
Let j(c) = 4*c**3 - c**2 + 62*c + 63. Give j(-1).
-4
Let o(y) = -y**3 + 24*y**2 + 31*y - 292. Give o(25).
-142
Let h(b) = -2*b**3 - b**2 + 28*b - 1. Determine h(-4).
-1
Let j(v) = v**3 + 21*v**2 + 108*v - 15. What is j(-10)?
5
Let x(c) = c*